{"id":19770,"date":"2022-09-19T14:35:38","date_gmt":"2022-09-19T14:35:38","guid":{"rendered":"https:\/\/www.maarifmevzuati.com\/?page_id=19770"},"modified":"2025-01-12T12:31:02","modified_gmt":"2025-01-12T12:31:02","slug":"yonetmelikler","status":"publish","type":"page","link":"https:\/\/www.maarifmevzuati.com\/?page_id=19770","title":{"rendered":"Y\u00d6NETMEL\u0130KLER"},"content":{"rendered":"\n<div class=\"wp-block-file\"><a id=\"wp-block-file--media-23f2e5ea-7199-470f-bab8-02f8e487cbce\" href=\"https:\/\/www.maarifmevzuati.com\/wp-content\/uploads\/2022\/11\/DEVLET-MEMURLARI-DISIPLIN-YONETMELIGI.docx\">DEVLET MEMURLARI D\u0130S\u0130PL\u0130N Y\u00d6NETMENL\u0130\u011e\u0130<\/a><a href=\"https:\/\/www.maarifmevzuati.com\/wp-content\/uploads\/2022\/11\/DEVLET-MEMURLARI-DISIPLIN-YONETMELIGI.docx\" class=\"wp-block-file__button wp-element-button\" download aria-describedby=\"wp-block-file--media-23f2e5ea-7199-470f-bab8-02f8e487cbce\">\u0130ndir<\/a><\/div>\n\n\n\n<div class=\"wp-block-file\"><a id=\"wp-block-file--media-374ecb1b-0110-4803-83d8-4b48af784c8e\" href=\"https:\/\/www.maarifmevzuati.com\/wp-content\/uploads\/2022\/11\/YURTDISINDA-DAIMI-GOREVLERE-ATANACAK-PERSONEL-HAKKINDA-YONETMELIK.docx\">YURTDI\u015eINDA DA\u0130M\u0130 G\u00d6REVLERE ATANACAK PERSONEL HAKKINDA Y\u00d6NETMEL\u0130K<\/a><a href=\"https:\/\/www.maarifmevzuati.com\/wp-content\/uploads\/2022\/11\/YURTDISINDA-DAIMI-GOREVLERE-ATANACAK-PERSONEL-HAKKINDA-YONETMELIK.docx\" class=\"wp-block-file__button wp-element-button\" download aria-describedby=\"wp-block-file--media-374ecb1b-0110-4803-83d8-4b48af784c8e\">\u0130ndir<\/a><\/div>\n\n\n\n<div class=\"wp-block-file\"><a id=\"wp-block-file--media-123f823f-db84-405a-b6d4-66ed81ed53c4\" href=\"https:\/\/www.maarifmevzuati.com\/wp-content\/uploads\/2022\/12\/MILLI-EGITIM-BAKANLIGINA-BAGLI-RESMI-OKULLARDA-YATILILIK-BURSLULUK-SOSYAL-YARDIMLAR-VE-OKUL-PANSIYONLARI-YONETMELIGI.docx\">M\u0130LL\u0130 E\u011e\u0130T\u0130M BAKANLI\u011eINA BA\u011eLI RESM\u0130 OKULLARDA YATILILIK BURSLULUK SOSYAL-YARDIMLAR VE OKUL PANS\u0130YONLARI Y\u00d6NETMEL\u0130\u011e\u0130<\/a><a href=\"https:\/\/www.maarifmevzuati.com\/wp-content\/uploads\/2022\/12\/MILLI-EGITIM-BAKANLIGINA-BAGLI-RESMI-OKULLARDA-YATILILIK-BURSLULUK-SOSYAL-YARDIMLAR-VE-OKUL-PANSIYONLARI-YONETMELIGI.docx\" class=\"wp-block-file__button wp-element-button\" download aria-describedby=\"wp-block-file--media-123f823f-db84-405a-b6d4-66ed81ed53c4\">\u0130ndir<\/a><\/div>\n\n\n\n<div class=\"wp-block-file\"><a id=\"wp-block-file--media-3a624b52-f39f-4f4d-823f-29e9e0a8c1e2\" href=\"https:\/\/www.maarifmevzuati.com\/wp-content\/uploads\/2022\/12\/MILLI-EGITIM-BAKANLIGINA-BAGLI-EGITIM-KURUMLARI-YONETICI-VE-OGRETMENLERININ-NORM-KADROLARINA-ILISKIN-YONETMELIK.docx\">M\u0130LL\u0130 E\u011e\u0130T\u0130M BAKANLI\u011eINA BA\u011eLI E\u011e\u0130T\u0130M KURUMLARI Y\u00d6NET\u0130C\u0130 VE \u00d6\u011eRETMENLER\u0130N\u0130N NORM KADROLARINA \u0130L\u0130\u015eK\u0130N Y\u00d6NETMEL\u0130K<\/a><a href=\"https:\/\/www.maarifmevzuati.com\/wp-content\/uploads\/2022\/12\/MILLI-EGITIM-BAKANLIGINA-BAGLI-EGITIM-KURUMLARI-YONETICI-VE-OGRETMENLERININ-NORM-KADROLARINA-ILISKIN-YONETMELIK.docx\" class=\"wp-block-file__button wp-element-button\" download aria-describedby=\"wp-block-file--media-3a624b52-f39f-4f4d-823f-29e9e0a8c1e2\">\u0130ndir<\/a><\/div>\n\n\n\n<div class=\"wp-block-file\"><a id=\"wp-block-file--media-3f230722-21e7-4efa-90c1-71592dcb530b\" href=\"https:\/\/www.maarifmevzuati.com\/wp-content\/uploads\/2022\/12\/MILLI-EGITIM-BAKANLIGINA-BAGLI-OKUL-OGRENCILERININ-KILIK-VE-KIYAFETLERINE-DAIR-YONETMELIK.doc\">M\u0130LL\u0130 E\u011e\u0130T\u0130M BAKANLI\u011eINA BA\u011eLI OKUL \u00d6\u011eRENC\u0130LER\u0130N\u0130N KILIK VE KIYAFETLER\u0130NE DA\u0130R Y\u00d6NETMEL\u0130K<\/a><a href=\"https:\/\/www.maarifmevzuati.com\/wp-content\/uploads\/2022\/12\/MILLI-EGITIM-BAKANLIGINA-BAGLI-OKUL-OGRENCILERININ-KILIK-VE-KIYAFETLERINE-DAIR-YONETMELIK.doc\" class=\"wp-block-file__button wp-element-button\" download aria-describedby=\"wp-block-file--media-3f230722-21e7-4efa-90c1-71592dcb530b\">\u0130ndir<\/a><\/div>\n\n\n\n<div class=\"wp-block-file\"><a id=\"wp-block-file--media-c0a78088-12e5-45df-acec-be2eb30ecd96\" href=\"https:\/\/www.maarifmevzuati.com\/wp-content\/uploads\/2022\/12\/MILLI-EGITIM-BAKANLIGI-EGITIM-MUFETTISLERI-YONETMELIGI.htm\">M\u0130LL\u0130 E\u011e\u0130T\u0130M BAKANLI\u011eI E\u011e\u0130T\u0130M M\u00dcFETT\u0130\u015eLER\u0130 Y\u00d6NETMEL\u0130\u011e\u0130<\/a><a href=\"https:\/\/www.maarifmevzuati.com\/wp-content\/uploads\/2022\/12\/MILLI-EGITIM-BAKANLIGI-EGITIM-MUFETTISLERI-YONETMELIGI.htm\" class=\"wp-block-file__button wp-element-button\" download aria-describedby=\"wp-block-file--media-c0a78088-12e5-45df-acec-be2eb30ecd96\">\u0130ndir<\/a><\/div>\n\n\n\n<div class=\"wp-block-file\"><a id=\"wp-block-file--media-0d67bca3-3582-4460-9501-a39e9b66f5cb\" href=\"https:\/\/www.maarifmevzuati.com\/wp-content\/uploads\/2023\/01\/MILLI-EGITIM-BAKANLIGI-OKUL-AILE-BIRLIGI-YONETMELIGI.htm\">M\u0130LL\u0130 E\u011e\u0130T\u0130M BAKANLI\u011eI OKUL A\u0130LE B\u0130RL\u0130\u011e\u0130 Y\u00d6NETMEL\u0130\u011e\u0130<\/a><a href=\"https:\/\/www.maarifmevzuati.com\/wp-content\/uploads\/2023\/01\/MILLI-EGITIM-BAKANLIGI-OKUL-AILE-BIRLIGI-YONETMELIGI.htm\" class=\"wp-block-file__button wp-element-button\" download aria-describedby=\"wp-block-file--media-0d67bca3-3582-4460-9501-a39e9b66f5cb\">\u0130ndir<\/a><\/div>\n\n\n\n<div class=\"wp-block-file\"><a id=\"wp-block-file--media-54dbe24a-e46d-4b24-bad0-1d518bc072b5\" href=\"https:\/\/www.maarifmevzuati.com\/wp-content\/uploads\/2023\/01\/MILLI-EGITIM-BAKANLIGI-DENKLIK-YONETMELIGI.docx\">M\u0130LL\u0130 E\u011e\u0130T\u0130M BAKANLI\u011eI DENKL\u0130K Y\u00d6NETMEL\u0130\u011e\u0130<\/a><a href=\"https:\/\/www.maarifmevzuati.com\/wp-content\/uploads\/2023\/01\/MILLI-EGITIM-BAKANLIGI-DENKLIK-YONETMELIGI.docx\" class=\"wp-block-file__button wp-element-button\" download aria-describedby=\"wp-block-file--media-54dbe24a-e46d-4b24-bad0-1d518bc072b5\">\u0130ndir<\/a><\/div>\n\n\n\n<div class=\"wp-block-file\"><a id=\"wp-block-file--media-b28e01d9-2f0b-44a3-845f-d662032d5d18\" href=\"https:\/\/www.maarifmevzuati.com\/wp-content\/uploads\/2023\/01\/MILLI-EGITIM-BAKANLIGI-OZEL-OGRETIM-KURUMLARI-YONETMELIGI.docx\">M\u0130LL\u0130 E\u011e\u0130T\u0130M BAKANLI\u011eI \u00d6ZEL \u00d6\u011eRET\u0130M KURUMLARI Y\u00d6NETMEL\u0130\u011e\u0130<\/a><a href=\"https:\/\/www.maarifmevzuati.com\/wp-content\/uploads\/2023\/01\/MILLI-EGITIM-BAKANLIGI-OZEL-OGRETIM-KURUMLARI-YONETMELIGI.docx\" class=\"wp-block-file__button wp-element-button\" download aria-describedby=\"wp-block-file--media-b28e01d9-2f0b-44a3-845f-d662032d5d18\">\u0130ndir<\/a><\/div>\n\n\n\n<div class=\"wp-block-file\"><a id=\"wp-block-file--media-ac2efb81-1458-416e-9f83-02e761334b0a\" href=\"https:\/\/www.maarifmevzuati.com\/wp-content\/uploads\/2023\/01\/MILLI-EGITIM-BAKANLIGINA-BAGLI-RESMI-OKULLARDA-YATILILIK-BURSLULUK-SOSYAL-YARDIMLAR-VE-OKUL-PANSIYONLARI-YONETMELIGI.docx\">M\u0130LL\u0130 E\u011e\u0130T\u0130M BAKANLI\u011eINA BA\u011eLI RESM\u0130 OKULLARDA YATILILIK BURSLULUK SOSYAL YARDIMLAR VE OKUL PANSIYONLARI Y\u00d6NETMEL\u0130\u011e\u0130<\/a><a href=\"https:\/\/www.maarifmevzuati.com\/wp-content\/uploads\/2023\/01\/MILLI-EGITIM-BAKANLIGINA-BAGLI-RESMI-OKULLARDA-YATILILIK-BURSLULUK-SOSYAL-YARDIMLAR-VE-OKUL-PANSIYONLARI-YONETMELIGI.docx\" class=\"wp-block-file__button wp-element-button\" download aria-describedby=\"wp-block-file--media-ac2efb81-1458-416e-9f83-02e761334b0a\">\u0130ndir<\/a><\/div>\n\n\n\n<div class=\"wp-block-file\"><a id=\"wp-block-file--media-08071489-d334-4302-97d8-b8825c025253\" href=\"https:\/\/www.maarifmevzuati.com\/wp-content\/uploads\/2023\/01\/MILLI-EGITIM-BAKANLIGI-ORTAOGRETIM-KURUMLARI-YONETMELIGI.docx\">M\u0130LL\u0130 E\u011e\u0130T\u0130M BAKANLI\u011eI ORTA\u00d6\u011eRET\u0130M KURUMLARI Y\u00d6NETMEL\u0130\u011e\u0130<\/a><a href=\"https:\/\/www.maarifmevzuati.com\/wp-content\/uploads\/2023\/01\/MILLI-EGITIM-BAKANLIGI-ORTAOGRETIM-KURUMLARI-YONETMELIGI.docx\" class=\"wp-block-file__button wp-element-button\" download aria-describedby=\"wp-block-file--media-08071489-d334-4302-97d8-b8825c025253\">\u0130ndir<\/a><\/div>\n\n\n\n<div class=\"wp-block-file\"><a id=\"wp-block-file--media-8f33aee9-5eda-4e5c-9e68-cd525e09fd4a\" href=\"https:\/\/www.maarifmevzuati.com\/wp-content\/uploads\/2023\/01\/MILLI-EGITIM-BAKANLIGI-OKUL-ONCESI-EGITIM-VE-ILKOGRETIM-KURUMLARI-YONETMELIGI.docx\">M\u0130LL\u0130 E\u011e\u0130T\u0130M BAKANLI\u011eI OKUL \u00d6NCES\u0130 E\u011e\u0130T\u0130M VE \u0130LK\u00d6\u011eRET\u0130M KURUMLARI Y\u00d6NETMEL\u0130\u011e\u0130<\/a><a href=\"https:\/\/www.maarifmevzuati.com\/wp-content\/uploads\/2023\/01\/MILLI-EGITIM-BAKANLIGI-OKUL-ONCESI-EGITIM-VE-ILKOGRETIM-KURUMLARI-YONETMELIGI.docx\" class=\"wp-block-file__button wp-element-button\" download aria-describedby=\"wp-block-file--media-8f33aee9-5eda-4e5c-9e68-cd525e09fd4a\">\u0130ndir<\/a><\/div>\n\n\n\n<div class=\"wp-block-file\"><a id=\"wp-block-file--media-1bf42120-6516-42c0-933e-acc4e28d51b9\" href=\"https:\/\/www.maarifmevzuati.com\/wp-content\/uploads\/2023\/01\/MILLI-EGITIM-BAKANLIGINA-BAGLI-EGITIM-KURUMLARINA-YONETICISECME-VE-GOREVLENDIRME-YONETMELIGI.docx\">M\u0130LL\u0130 E\u011e\u0130T\u0130M BAKANLI\u011eINA BA\u011eLI E\u011e\u0130T\u0130M KURUMLARINA Y\u00d6NET\u0130C\u0130 SE\u00c7ME VE G\u00d6REVLEND\u0130RME Y\u00d6NETMEL\u0130\u011e\u0130<\/a><a href=\"https:\/\/www.maarifmevzuati.com\/wp-content\/uploads\/2023\/01\/MILLI-EGITIM-BAKANLIGINA-BAGLI-EGITIM-KURUMLARINA-YONETICISECME-VE-GOREVLENDIRME-YONETMELIGI.docx\" class=\"wp-block-file__button wp-element-button\" download aria-describedby=\"wp-block-file--media-1bf42120-6516-42c0-933e-acc4e28d51b9\">\u0130ndir<\/a><\/div>\n\n\n\n<div class=\"wp-block-file\"><a id=\"wp-block-file--media-a00f33e3-5000-4e90-bc20-3677485a65ad\" href=\"https:\/\/www.maarifmevzuati.com\/wp-content\/uploads\/2023\/01\/MILLI-EGITIM-BAKANLIGI-OGRETMENEVI-VE-AKSAM-SANAT-OKULLARI-YONETMELIGI.docx\">M\u0130LL\u0130 E\u011e\u0130T\u0130M BAKANLI\u011eI \u00d6\u011eRETMENEV\u0130 VE AK\u015eAM SANAT OKULLARI Y\u00d6NETMEL\u0130\u011e\u0130<\/a><a href=\"https:\/\/www.maarifmevzuati.com\/wp-content\/uploads\/2023\/01\/MILLI-EGITIM-BAKANLIGI-OGRETMENEVI-VE-AKSAM-SANAT-OKULLARI-YONETMELIGI.docx\" class=\"wp-block-file__button wp-element-button\" download aria-describedby=\"wp-block-file--media-a00f33e3-5000-4e90-bc20-3677485a65ad\">\u0130ndir<\/a><\/div>\n\n\n\n<div class=\"wp-block-file\"><a id=\"wp-block-file--media-f99774ff-0e40-4093-b26c-15faf39c766e\" href=\"https:\/\/www.maarifmevzuati.com\/wp-content\/uploads\/2023\/01\/MILLI-EGITIM-BAKANLIGI-DISIPLIN-AMIRLERI-YONETMELIGI.docx\">M\u0130LL\u0130 E\u011e\u0130T\u0130M BAKANLI\u011eI D\u0130S\u0130PL\u0130N AM\u0130LER\u0130 Y\u00d6NETMEL\u0130\u011e\u0130<\/a><a href=\"https:\/\/www.maarifmevzuati.com\/wp-content\/uploads\/2023\/01\/MILLI-EGITIM-BAKANLIGI-DISIPLIN-AMIRLERI-YONETMELIGI.docx\" class=\"wp-block-file__button wp-element-button\" download aria-describedby=\"wp-block-file--media-f99774ff-0e40-4093-b26c-15faf39c766e\">\u0130ndir<\/a><\/div>\n\n\n\n<div class=\"wp-block-file\"><a id=\"wp-block-file--media-762497ae-dee7-4010-b11a-bbb0cc0515f8\" href=\"https:\/\/www.maarifmevzuati.com\/wp-content\/uploads\/2023\/01\/MILLI-EGITIM-BAKANLIGI-HAYAT-BOYU-OGRENMEKURUMLARI-YONETMELIGI.docx\">M\u0130LL\u0130 E\u011e\u0130T\u0130M BAKANLI\u011eI HAYAT BOYU \u00d6\u011eRENME KURUMLARI Y\u00d6NETMEL\u0130\u011e\u0130<\/a><a href=\"https:\/\/www.maarifmevzuati.com\/wp-content\/uploads\/2023\/01\/MILLI-EGITIM-BAKANLIGI-HAYAT-BOYU-OGRENMEKURUMLARI-YONETMELIGI.docx\" class=\"wp-block-file__button wp-element-button\" download aria-describedby=\"wp-block-file--media-762497ae-dee7-4010-b11a-bbb0cc0515f8\">\u0130ndir<\/a><\/div>\n\n\n\n<div class=\"wp-block-file\"><a id=\"wp-block-file--media-8291d6df-7a76-4e12-a75e-651474092d2a\" href=\"https:\/\/www.maarifmevzuati.com\/wp-content\/uploads\/2023\/01\/MILLI-EGITIM-BAKANLIGI-REHBERLIK-VE-PSIKOLOJIK-DANISMA-HIZMETLERI-YONETMELIGI.docx\">M\u0130LL\u0130 E\u011e\u0130T\u0130M BAKANLI\u011eI REHBERL\u0130K VE PS\u0130KOLOJ\u0130K DANI\u015eMA H\u0130ZMETER\u0130 Y\u00d6NETMEL\u0130\u011e\u0130<\/a><a href=\"https:\/\/www.maarifmevzuati.com\/wp-content\/uploads\/2023\/01\/MILLI-EGITIM-BAKANLIGI-REHBERLIK-VE-PSIKOLOJIK-DANISMA-HIZMETLERI-YONETMELIGI.docx\" class=\"wp-block-file__button wp-element-button\" download aria-describedby=\"wp-block-file--media-8291d6df-7a76-4e12-a75e-651474092d2a\">\u0130ndir<\/a><\/div>\n\n\n\n<div class=\"wp-block-file\"><a id=\"wp-block-file--media-950cc955-d9ff-4679-bfb1-410ec0f9f83d\" href=\"https:\/\/www.maarifmevzuati.com\/wp-content\/uploads\/2023\/03\/Devlet-Memurlarinin-Yer-Degistirme-Suretiyle-Atanmalarina-Iliskin-Yonetmelik.docx\">DEVLET MEMURLARININ YER DE\u011e\u0130\u015eT\u0130RME SURET\u0130YLE ATANMALARINA \u0130L\u0130\u015eK\u0130N Y\u00d6NETMEL\u0130K<\/a><a href=\"https:\/\/www.maarifmevzuati.com\/wp-content\/uploads\/2023\/03\/Devlet-Memurlarinin-Yer-Degistirme-Suretiyle-Atanmalarina-Iliskin-Yonetmelik.docx\" class=\"wp-block-file__button wp-element-button\" download aria-describedby=\"wp-block-file--media-950cc955-d9ff-4679-bfb1-410ec0f9f83d\">\u0130ndir<\/a><\/div>\n\n\n\n<div class=\"wp-block-file\"><a id=\"wp-block-file--media-feaf2b3b-8ebf-4427-b961-ec686543f7f9\" href=\"https:\/\/www.maarifmevzuati.com\/wp-content\/uploads\/2023\/03\/DEVLET-MEMURLARININ-YER-DEGISTIRME-SURETIYLE-ATANMALARINA-ILISKIN-YONETMELIK.docx\">DEVLET-MEMURLARININ-YER-DEGISTIRME-SURETIYLE-ATANMALARINA-ILISKIN-YONETMELIK<\/a><a href=\"https:\/\/www.maarifmevzuati.com\/wp-content\/uploads\/2023\/03\/DEVLET-MEMURLARININ-YER-DEGISTIRME-SURETIYLE-ATANMALARINA-ILISKIN-YONETMELIK.docx\" class=\"wp-block-file__button wp-element-button\" download aria-describedby=\"wp-block-file--media-feaf2b3b-8ebf-4427-b961-ec686543f7f9\">\u0130ndir<\/a><\/div>\n\n\n\n<div class=\"wp-block-file\"><a id=\"wp-block-file--media-1f72b976-4ec3-449d-ad83-ac8b7eb551d9\" href=\"https:\/\/www.maarifmevzuati.com\/wp-content\/uploads\/2023\/03\/SOZLESMELI-PERSONEL-CALISTIRILMASINA-ILISKIN-ESASLAR-2.docx\">S\u00d6ZLE\u015eMEL\u0130 PERSONEL \u00c7ALI\u015eTIRILMASINA \u0130L\u0130\u015eK\u0130N ESASLAR <\/a><a href=\"https:\/\/www.maarifmevzuati.com\/wp-content\/uploads\/2023\/03\/SOZLESMELI-PERSONEL-CALISTIRILMASINA-ILISKIN-ESASLAR-2.docx\" class=\"wp-block-file__button wp-element-button\" download aria-describedby=\"wp-block-file--media-1f72b976-4ec3-449d-ad83-ac8b7eb551d9\">\u0130ndir<\/a><\/div>\n\n\n\n<div class=\"wp-block-file\"><a id=\"wp-block-file--media-f7945175-9d2b-4541-8fc2-f95ad98e53e9\" href=\"https:\/\/www.maarifmevzuati.com\/wp-content\/uploads\/2023\/03\/MILLI-EGITIM-BAKANLIGINA-BAGLI-OZEL-PROGRAM-VE-PROJE-UYGULAYAN-EGITIM-KURUMLARINA-OGRETMEN-ATAMA-VE-YONETICI-GOREVLENDIRME-YONETMELIGI.docx\"><strong>M\u0130LL\u0130 E\u011e\u0130T\u0130M BAKANLI\u011eINA BA\u011eLI \u00d6ZEL PROGRAM VE PROJE UYGULAYAN E\u011e\u0130T\u0130M KURUMLARINA \u00d6\u011eRETMEN ATAMA VE Y\u00d6NET\u0130C\u0130 G\u00d6REVLEND\u0130RME Y\u00d6NETMEL\u0130\u011e\u0130<\/strong><\/a><a href=\"https:\/\/www.maarifmevzuati.com\/wp-content\/uploads\/2023\/03\/MILLI-EGITIM-BAKANLIGINA-BAGLI-OZEL-PROGRAM-VE-PROJE-UYGULAYAN-EGITIM-KURUMLARINA-OGRETMEN-ATAMA-VE-YONETICI-GOREVLENDIRME-YONETMELIGI.docx\" class=\"wp-block-file__button wp-element-button\" download aria-describedby=\"wp-block-file--media-f7945175-9d2b-4541-8fc2-f95ad98e53e9\">\u0130ndir<\/a><\/div>\n\n\n\n<div class=\"wp-block-file\"><a id=\"wp-block-file--media-c9df7aef-c973-4a5b-8fa5-915cac15be16\" href=\"https:\/\/www.maarifmevzuati.com\/wp-content\/uploads\/2023\/03\/MILLI-EGITIM-BAKANLIGI-ORTAOGRETIM-KURUMLARI-YONETMELIGI.docx\"><strong>M\u0130LL\u00ce E\u011e\u0130T\u0130M BAKANLI\u011eI ORTA\u00d6\u011eRET\u0130M KURUMLARI Y\u00d6NETMEL\u0130\u011e\u0130<\/strong><\/a><a href=\"https:\/\/www.maarifmevzuati.com\/wp-content\/uploads\/2023\/03\/MILLI-EGITIM-BAKANLIGI-ORTAOGRETIM-KURUMLARI-YONETMELIGI.docx\" class=\"wp-block-file__button wp-element-button\" download aria-describedby=\"wp-block-file--media-c9df7aef-c973-4a5b-8fa5-915cac15be16\">\u0130ndir<\/a><\/div>\n\n\n\n<div class=\"wp-block-file\"><a id=\"wp-block-file--media-6003a315-c163-465c-a43c-fe694a40eaf2\" href=\"https:\/\/www.maarifmevzuati.com\/wp-content\/uploads\/2023\/03\/OGRETMENLIK-MESLEK-KANUNU.docx\"><strong>\u00d6\u011eRETMENL\u0130K MESLEK KANUNU<\/strong><\/a><a href=\"https:\/\/www.maarifmevzuati.com\/wp-content\/uploads\/2023\/03\/OGRETMENLIK-MESLEK-KANUNU.docx\" class=\"wp-block-file__button wp-element-button\" download aria-describedby=\"wp-block-file--media-6003a315-c163-465c-a43c-fe694a40eaf2\">\u0130ndir<\/a><\/div>\n\n\n\n<div class=\"wp-block-file\"><a id=\"wp-block-file--media-79648249-cd99-4fb2-bffb-ae95e6a64442\" href=\"https:\/\/www.maarifmevzuati.com\/wp-content\/uploads\/2023\/03\/MILLI-EGITIM-BAKANLIGI-YONETICI-VE-OGRETMENLERININ-DERS-VE-EK-DERS-SAATLERINE-ILISKIN-KARAR-1.docx\"><strong>M\u0130LL\u0130 E\u011e\u0130T\u0130M BAKANLI\u011eI Y\u00d6NET\u0130C\u0130 VE \u00d6\u011eRETMENLER\u0130N\u0130N DERS VE EK DERS SAATLER\u0130NE \u0130L\u0130\u015eK\u0130N KARAR<\/strong><\/a><a href=\"https:\/\/www.maarifmevzuati.com\/wp-content\/uploads\/2023\/03\/MILLI-EGITIM-BAKANLIGI-YONETICI-VE-OGRETMENLERININ-DERS-VE-EK-DERS-SAATLERINE-ILISKIN-KARAR-1.docx\" class=\"wp-block-file__button wp-element-button\" download aria-describedby=\"wp-block-file--media-79648249-cd99-4fb2-bffb-ae95e6a64442\">\u0130ndir<\/a><\/div>\n\n\n\n<div class=\"wp-block-file\"><a id=\"wp-block-file--media-311adcae-0eb6-4278-b504-966799063c18\" href=\"https:\/\/www.maarifmevzuati.com\/wp-content\/uploads\/2023\/04\/Milli-Egitim-Bakanligi-Teftis-Kurulu-Yonetmeligi.docx\"><strong>M\u0130LL\u0130 E\u011e\u0130T\u0130M BAKANLI\u011eI TEFT\u0130\u015e KURULU Y\u00d6NETMEL\u0130\u011e\u0130<\/strong><\/a><a href=\"https:\/\/www.maarifmevzuati.com\/wp-content\/uploads\/2023\/04\/Milli-Egitim-Bakanligi-Teftis-Kurulu-Yonetmeligi.docx\" class=\"wp-block-file__button wp-element-button\" download aria-describedby=\"wp-block-file--media-311adcae-0eb6-4278-b504-966799063c18\">\u0130ndir<\/a><\/div>\n\n\n\n<div class=\"wp-block-file\"><a id=\"wp-block-file--media-128bd6f2-ba2b-420b-835a-d76288a9c301\" href=\"https:\/\/www.maarifmevzuati.com\/wp-content\/uploads\/2023\/04\/MULGA-Milli-Egitim-Bakanligi-Ilkogretim-Mufettisleri-Baskanliklari-Yonetmeligi-1999.docx\"><strong>M\u00dcLGA M\u0130LL\u0130 E\u011e\u0130T\u0130M BAKANLI\u011eI \u0130LK\u00d6\u011eRET\u0130M M\u00dcFETT\u0130\u015eLER\u0130 BA\u015eKANLIKLARI Y\u00d6NETMEL\u0130\u011e\u0130 1999<\/strong><\/a><a href=\"https:\/\/www.maarifmevzuati.com\/wp-content\/uploads\/2023\/04\/MULGA-Milli-Egitim-Bakanligi-Ilkogretim-Mufettisleri-Baskanliklari-Yonetmeligi-1999.docx\" class=\"wp-block-file__button wp-element-button\" download aria-describedby=\"wp-block-file--media-128bd6f2-ba2b-420b-835a-d76288a9c301\">\u0130ndir<\/a><\/div>\n\n\n\n<div class=\"wp-block-file\"><a id=\"wp-block-file--media-247ecf32-7304-4095-8ae4-b57bdd6b8462\" href=\"https:\/\/www.maarifmevzuati.com\/wp-content\/uploads\/2023\/04\/MULGA-Milli-Egitim-Bakanligi-Teftis-Kurulu-Yonetmeligi-1993.docx\"><strong>M\u00dcLGA M\u0130LL\u0130 E\u011e\u0130T\u0130M BAKANLI\u011eI TEFT\u0130\u015e KURULU Y\u00d6NETMEL\u0130\u011e\u0130 1993<\/strong><\/a><a href=\"https:\/\/www.maarifmevzuati.com\/wp-content\/uploads\/2023\/04\/MULGA-Milli-Egitim-Bakanligi-Teftis-Kurulu-Yonetmeligi-1993.docx\" class=\"wp-block-file__button wp-element-button\" download aria-describedby=\"wp-block-file--media-247ecf32-7304-4095-8ae4-b57bdd6b8462\">\u0130ndir<\/a><\/div>\n\n\n\n<div class=\"wp-block-file\"><a id=\"wp-block-file--media-eba11691-2963-471a-ba47-e0b141756667\" href=\"https:\/\/www.maarifmevzuati.com\/wp-content\/uploads\/2023\/04\/MULGA-Milli-Egitim-Bakanligi-Teftis-Kurulu-Yonetmeligi-2017.docx\"><strong>M\u00dcLGA M\u0130LL\u0130 E\u011e\u0130T\u0130M BAKANLI\u011eI TEFT\u0130\u015e KURULU Y\u00d6NETMEL\u0130\u011e\u0130 2017<\/strong><\/a><a href=\"https:\/\/www.maarifmevzuati.com\/wp-content\/uploads\/2023\/04\/MULGA-Milli-Egitim-Bakanligi-Teftis-Kurulu-Yonetmeligi-2017.docx\" class=\"wp-block-file__button wp-element-button\" download aria-describedby=\"wp-block-file--media-eba11691-2963-471a-ba47-e0b141756667\">\u0130ndir<\/a><\/div>\n\n\n\n<div class=\"wp-block-file\"><a id=\"wp-block-file--media-81b2667b-1320-4b7a-a96e-29587122eeee\" href=\"https:\/\/www.maarifmevzuati.com\/wp-content\/uploads\/2023\/10\/MILLI-EGITIM-BAKANLIGI-OKUL-ONCESI-EGITIM-VE-ILKOGRETIM-KURUMLARI-YONETMELIGI-R.G.14.10.2023.docx\"><strong>M\u0130LL\u0130 E\u011e\u0130T\u0130M BAKANLI\u011eI OKUL \u00d6NCES\u0130 E\u011e\u0130T\u0130M VE \u0130LK\u00d6\u011eRET\u0130M KURUMLARI Y\u00d6NETMEL\u0130\u011e\u0130<\/strong> (R.G.14.10.2023)<\/a><a href=\"https:\/\/www.maarifmevzuati.com\/wp-content\/uploads\/2023\/10\/MILLI-EGITIM-BAKANLIGI-OKUL-ONCESI-EGITIM-VE-ILKOGRETIM-KURUMLARI-YONETMELIGI-R.G.14.10.2023.docx\" class=\"wp-block-file__button wp-element-button\" download aria-describedby=\"wp-block-file--media-81b2667b-1320-4b7a-a96e-29587122eeee\">\u0130ndir<\/a><\/div>\n\n\n\n<div class=\"wp-block-file\"><a id=\"wp-block-file--media-c3fd896a-90c7-4b1c-bcaa-4548cc902b5e\" href=\"https:\/\/www.maarifmevzuati.com\/wp-content\/uploads\/2025\/01\/KAMU-GOREVLERINE-ILK-DEFA-ATANACAKLAR-ICIN-YAPILACAK-SINAVLAR-HAKKINDA-GENEL-YONETMELIK_2025.docx\"><strong>KAMU G\u00d6REVLER\u0130NE \u0130LK DEFA ATANACAKLAR \u0130\u00c7\u0130N YAPILACAK SINAVLAR HAKKINDA GENEL Y\u00d6NETMEL\u0130K<\/strong>_2025<\/a><a href=\"https:\/\/www.maarifmevzuati.com\/wp-content\/uploads\/2025\/01\/KAMU-GOREVLERINE-ILK-DEFA-ATANACAKLAR-ICIN-YAPILACAK-SINAVLAR-HAKKINDA-GENEL-YONETMELIK_2025.docx\" class=\"wp-block-file__button wp-element-button\" download aria-describedby=\"wp-block-file--media-c3fd896a-90c7-4b1c-bcaa-4548cc902b5e\">\u0130ndir<\/a><\/div>\n\n\n\n<div class=\"wp-block-file\"><a id=\"wp-block-file--media-82b76846-0153-4c34-ba5c-2e9a62c8e07c\" href=\"https:\/\/www.maarifmevzuati.com\/wp-content\/uploads\/2025\/01\/SOZLESMELI-PERSONEL-CALISTIRILMASINA-ILISKIN-ESASLAR_2025.docx\"><strong>S\u00d6ZLE\u015eMEL\u0130 PERSONEL \u00c7ALI\u015eTIRILMASINA \u0130L\u0130\u015eK\u0130N ESASLAR<\/strong>_2025<\/a><a href=\"https:\/\/www.maarifmevzuati.com\/wp-content\/uploads\/2025\/01\/SOZLESMELI-PERSONEL-CALISTIRILMASINA-ILISKIN-ESASLAR_2025.docx\" class=\"wp-block-file__button wp-element-button\" download aria-describedby=\"wp-block-file--media-82b76846-0153-4c34-ba5c-2e9a62c8e07c\">\u0130ndir<\/a><\/div>\n\n\n\n<div class=\"wp-block-file\"><a id=\"wp-block-file--media-68f84adb-667a-47e1-81b5-b2473ad1a611\" href=\"https:\/\/www.maarifmevzuati.com\/wp-content\/uploads\/2025\/01\/MILLI-EGITIM-BAKANLIGI-OZEL-OGRETIM-KURUMLARI-YONETMELIGI_2025.docx\"><strong>M\u0130LL\u00ce E\u011e\u0130T\u0130M BAKANLI\u011eI \u00d6ZEL \u00d6\u011eRET\u0130M KURUMLARI Y\u00d6NETMEL\u0130\u011e\u0130<\/strong>_2025<\/a><a href=\"https:\/\/www.maarifmevzuati.com\/wp-content\/uploads\/2025\/01\/MILLI-EGITIM-BAKANLIGI-OZEL-OGRETIM-KURUMLARI-YONETMELIGI_2025.docx\" class=\"wp-block-file__button wp-element-button\" download aria-describedby=\"wp-block-file--media-68f84adb-667a-47e1-81b5-b2473ad1a611\">\u0130ndir<\/a><\/div>\n","protected":false},"excerpt":{"rendered":"","protected":false},"author":1,"featured_media":0,"parent":0,"menu_order":0,"comment_status":"closed","ping_status":"closed","template":"","meta":{"footnotes":""},"class_list":["post-19770","page","type-page","status-publish","hentry"],"_links":{"self":[{"href":"https:\/\/www.maarifmevzuati.com\/index.php?rest_route=\/wp\/v2\/pages\/19770","targetHints":{"allow":["GET"]}}],"collection":[{"href":"https:\/\/www.maarifmevzuati.com\/index.php?rest_route=\/wp\/v2\/pages"}],"about":[{"href":"https:\/\/www.maarifmevzuati.com\/index.php?rest_route=\/wp\/v2\/types\/page"}],"author":[{"embeddable":true,"href":"https:\/\/www.maarifmevzuati.com\/index.php?rest_route=\/wp\/v2\/users\/1"}],"replies":[{"embeddable":true,"href":"https:\/\/www.maarifmevzuati.com\/index.php?rest_route=%2Fwp%2Fv2%2Fcomments&post=19770"}],"version-history":[{"count":31,"href":"https:\/\/www.maarifmevzuati.com\/index.php?rest_route=\/wp\/v2\/pages\/19770\/revisions"}],"predecessor-version":[{"id":21534,"href":"https:\/\/www.maarifmevzuati.com\/index.php?rest_route=\/wp\/v2\/pages\/19770\/revisions\/21534"}],"wp:attachment":[{"href":"https:\/\/www.maarifmevzuati.com\/index.php?rest_route=%2Fwp%2Fv2%2Fmedia&parent=19770"}],"curies":[{"name":"wp","href":"https:\/\/api.w.org\/{rel}","templated":true}]}}