{"id":19772,"date":"2022-09-19T14:35:59","date_gmt":"2022-09-19T14:35:59","guid":{"rendered":"https:\/\/www.maarifmevzuati.com\/?page_id=19772"},"modified":"2022-10-15T09:27:30","modified_gmt":"2022-10-15T09:27:30","slug":"cumhurbaskanligi-genelgeleri","status":"publish","type":"page","link":"https:\/\/www.maarifmevzuati.com\/?page_id=19772","title":{"rendered":"CUMHURBA\u015eKANLI\u011eI GENELGELER\u0130"},"content":{"rendered":"\n<div class=\"wp-block-file\"><a id=\"wp-block-file--media-42f45b1d-ba72-4b1c-bed5-ce223f162513\" href=\"https:\/\/www.maarifmevzuati.com\/wp-content\/uploads\/2022\/10\/Kamu-Gorevlilerinin-Emeklilik-Islemleri-ile-Ilgili-Cumhurbaskanligi-Genelgesi.docx\">Kamu-Gorevlilerinin-Emeklilik-Islemleri-ile-Ilgili-Cumhurbaskanligi-Genelgesi<\/a><a href=\"https:\/\/www.maarifmevzuati.com\/wp-content\/uploads\/2022\/10\/Kamu-Gorevlilerinin-Emeklilik-Islemleri-ile-Ilgili-Cumhurbaskanligi-Genelgesi.docx\" class=\"wp-block-file__button\" download aria-describedby=\"wp-block-file--media-42f45b1d-ba72-4b1c-bed5-ce223f162513\">\u0130ndir<\/a><\/div>\n\n\n\n<div class=\"wp-block-file\"><a id=\"wp-block-file--media-107136a8-04f0-4740-8c1f-fca50406461c\" href=\"https:\/\/www.maarifmevzuati.com\/wp-content\/uploads\/2022\/10\/2020-5-Sayili-Genelgenin-Yururlukten-Kaldirilmasi-Ile-Ilgili-Cumhurbaskanligi-Genelgesi.docx\">2020-5-Sayili-Genelgenin-Yururlukten-Kaldirilmasi-Ile-Ilgili-Cumhurbaskanligi-Genelgesi<\/a><a href=\"https:\/\/www.maarifmevzuati.com\/wp-content\/uploads\/2022\/10\/2020-5-Sayili-Genelgenin-Yururlukten-Kaldirilmasi-Ile-Ilgili-Cumhurbaskanligi-Genelgesi.docx\" class=\"wp-block-file__button\" download aria-describedby=\"wp-block-file--media-107136a8-04f0-4740-8c1f-fca50406461c\">\u0130ndir<\/a><\/div>\n\n\n\n<div class=\"wp-block-file\"><a id=\"wp-block-file--media-3ec68963-5da0-4182-b830-74b3e25ce590\" href=\"https:\/\/www.maarifmevzuati.com\/wp-content\/uploads\/2022\/10\/COVID-19-Kapsaminda-Kamu-Calisanlarina-Yonelik-Tedbirler-ile-Ilgili-2022-2-Sayili-Cumhurbaskanligi-Genelgesi-2021-13-sayili-Genelge-yururlukten-kaldirilmis.docx\">COVID-19-Kapsaminda-Kamu-Calisanlarina-Yonelik-Tedbirler-ile-Ilgili-2022-2-Sayili-Cumhurbaskanligi-Genelgesi-2021-13-sayili-Genelge-yururlukten-kaldirilmis<\/a><a href=\"https:\/\/www.maarifmevzuati.com\/wp-content\/uploads\/2022\/10\/COVID-19-Kapsaminda-Kamu-Calisanlarina-Yonelik-Tedbirler-ile-Ilgili-2022-2-Sayili-Cumhurbaskanligi-Genelgesi-2021-13-sayili-Genelge-yururlukten-kaldirilmis.docx\" class=\"wp-block-file__button\" download aria-describedby=\"wp-block-file--media-3ec68963-5da0-4182-b830-74b3e25ce590\">\u0130ndir<\/a><\/div>\n\n\n\n<div class=\"wp-block-file\"><a id=\"wp-block-file--media-989cb46e-a693-4b92-aa9c-5d662593620b\" href=\"https:\/\/www.maarifmevzuati.com\/wp-content\/uploads\/2022\/10\/COVID-19-Kapsaminda-Kamu-Kurum-ve-Kuruluslarinda-Normallesme-ve-Alinacak-Tedbirler-ile-Ilgili-Cumhurbaskanligi-Genelgesi-2020-11-sayili-Genelge-yururlukten-kaldirilmis.docx\">COVID-19-Kapsaminda-Kamu-Kurum-ve-Kuruluslarinda-Normallesme-ve-Alinacak-Tedbirler-ile-Ilgili-Cumhurbaskanligi-Genelgesi-2020-11-sayili-Genelge-yururlukten-kaldirilmis<\/a><a href=\"https:\/\/www.maarifmevzuati.com\/wp-content\/uploads\/2022\/10\/COVID-19-Kapsaminda-Kamu-Kurum-ve-Kuruluslarinda-Normallesme-ve-Alinacak-Tedbirler-ile-Ilgili-Cumhurbaskanligi-Genelgesi-2020-11-sayili-Genelge-yururlukten-kaldirilmis.docx\" class=\"wp-block-file__button\" download aria-describedby=\"wp-block-file--media-989cb46e-a693-4b92-aa9c-5d662593620b\">\u0130ndir<\/a><\/div>\n\n\n\n<div class=\"wp-block-file\"><a id=\"wp-block-file--media-b163caa4-b58b-4015-b786-38bb7118f17f\" href=\"https:\/\/www.maarifmevzuati.com\/wp-content\/uploads\/2022\/10\/COVID-19-Kapsaminda-Kamu-Kurum-ve-Kuruluslarinda-Normallesme-ve-Alinacak-Tedbirler-Ile-Ilgili-Cumhurbaskanligi-Genelgesi-2021-8-sayili-Genelge-Yururlukten-kaldirildi.docx\">COVID-19-Kapsaminda-Kamu-Kurum-ve-Kuruluslarinda-Normallesme-ve-Alinacak-Tedbirler-Ile-Ilgili-Cumhurbaskanligi-Genelgesi-2021-8-sayili-Genelge-Yururlukten-kaldirildi<\/a><a href=\"https:\/\/www.maarifmevzuati.com\/wp-content\/uploads\/2022\/10\/COVID-19-Kapsaminda-Kamu-Kurum-ve-Kuruluslarinda-Normallesme-ve-Alinacak-Tedbirler-Ile-Ilgili-Cumhurbaskanligi-Genelgesi-2021-8-sayili-Genelge-Yururlukten-kaldirildi.docx\" class=\"wp-block-file__button\" download aria-describedby=\"wp-block-file--media-b163caa4-b58b-4015-b786-38bb7118f17f\">\u0130ndir<\/a><\/div>\n\n\n\n<div class=\"wp-block-file\"><a id=\"wp-block-file--media-75515351-51e7-471d-b8e0-d54d3787eb0e\" href=\"https:\/\/www.maarifmevzuati.com\/wp-content\/uploads\/2022\/10\/On-Ikinci-Kalkinma-Plani-Hazirliklari-Ile-Ilgili-Cumhurbaskanligi-Genelgesi.docx\">On-Ikinci-Kalkinma-Plani-Hazirliklari-Ile-Ilgili-Cumhurbaskanligi-Genelgesi<\/a><a href=\"https:\/\/www.maarifmevzuati.com\/wp-content\/uploads\/2022\/10\/On-Ikinci-Kalkinma-Plani-Hazirliklari-Ile-Ilgili-Cumhurbaskanligi-Genelgesi.docx\" class=\"wp-block-file__button\" download aria-describedby=\"wp-block-file--media-75515351-51e7-471d-b8e0-d54d3787eb0e\">\u0130ndir<\/a><\/div>\n\n\n\n<div class=\"wp-block-file\"><a id=\"wp-block-file--media-db9314b8-9311-4f3b-8dbb-2dfa61f76e45\" href=\"https:\/\/www.maarifmevzuati.com\/wp-content\/uploads\/2022\/10\/Tasarruf-Tedbirleri-Ile-Ilgili-Cumhurbaskanligi-Genelgesi.docx\">Tasarruf-Tedbirleri-Ile-Ilgili-Cumhurbaskanligi-Genelgesi<\/a><a href=\"https:\/\/www.maarifmevzuati.com\/wp-content\/uploads\/2022\/10\/Tasarruf-Tedbirleri-Ile-Ilgili-Cumhurbaskanligi-Genelgesi.docx\" class=\"wp-block-file__button\" download aria-describedby=\"wp-block-file--media-db9314b8-9311-4f3b-8dbb-2dfa61f76e45\">\u0130ndir<\/a><\/div>\n","protected":false},"excerpt":{"rendered":"","protected":false},"author":1,"featured_media":0,"parent":0,"menu_order":0,"comment_status":"closed","ping_status":"closed","template":"","meta":{"footnotes":""},"class_list":["post-19772","page","type-page","status-publish","hentry"],"_links":{"self":[{"href":"https:\/\/www.maarifmevzuati.com\/index.php?rest_route=\/wp\/v2\/pages\/19772","targetHints":{"allow":["GET"]}}],"collection":[{"href":"https:\/\/www.maarifmevzuati.com\/index.php?rest_route=\/wp\/v2\/pages"}],"about":[{"href":"https:\/\/www.maarifmevzuati.com\/index.php?rest_route=\/wp\/v2\/types\/page"}],"author":[{"embeddable":true,"href":"https:\/\/www.maarifmevzuati.com\/index.php?rest_route=\/wp\/v2\/users\/1"}],"replies":[{"embeddable":true,"href":"https:\/\/www.maarifmevzuati.com\/index.php?rest_route=%2Fwp%2Fv2%2Fcomments&post=19772"}],"version-history":[{"count":3,"href":"https:\/\/www.maarifmevzuati.com\/index.php?rest_route=\/wp\/v2\/pages\/19772\/revisions"}],"predecessor-version":[{"id":20669,"href":"https:\/\/www.maarifmevzuati.com\/index.php?rest_route=\/wp\/v2\/pages\/19772\/revisions\/20669"}],"wp:attachment":[{"href":"https:\/\/www.maarifmevzuati.com\/index.php?rest_route=%2Fwp%2Fv2%2Fmedia&parent=19772"}],"curies":[{"name":"wp","href":"https:\/\/api.w.org\/{rel}","templated":true}]}}