{"id":19787,"date":"2022-09-19T14:38:59","date_gmt":"2022-09-19T14:38:59","guid":{"rendered":"https:\/\/www.maarifmevzuati.com\/?page_id=19787"},"modified":"2023-04-28T13:22:06","modified_gmt":"2023-04-28T13:22:06","slug":"2017-2","status":"publish","type":"page","link":"https:\/\/www.maarifmevzuati.com\/?page_id=19787","title":{"rendered":"2017"},"content":{"rendered":"\n<div class=\"wp-block-file\"><a id=\"wp-block-file--media-79b5cc19-9fc3-4c43-a7a3-18e02f433940\" href=\"https:\/\/www.maarifmevzuati.com\/wp-content\/uploads\/2023\/04\/GUN-ICI-MESAIYEYE-GELMEYEN-MEMUR-MESAI-SONRASI-RAPOR-ALMASI-ILE-ILGILI-DPBNIN-GORUS-YAZISI.docx\">G\u00dcN \u0130\u00c7\u0130 MESA\u0130YEYE GELMEYEN MEMUR MESA\u0130 SONRASI RAPOR ALMASI \u0130LE \u0130LG\u0130L\u0130 DPB\u2019NIN G\u00d6R\u00dc\u015e YAZISI<\/a><a href=\"https:\/\/www.maarifmevzuati.com\/wp-content\/uploads\/2023\/04\/GUN-ICI-MESAIYEYE-GELMEYEN-MEMUR-MESAI-SONRASI-RAPOR-ALMASI-ILE-ILGILI-DPBNIN-GORUS-YAZISI.docx\" class=\"wp-block-file__button wp-element-button\" download aria-describedby=\"wp-block-file--media-79b5cc19-9fc3-4c43-a7a3-18e02f433940\">\u0130ndir<\/a><\/div>\n","protected":false},"excerpt":{"rendered":"","protected":false},"author":1,"featured_media":0,"parent":0,"menu_order":0,"comment_status":"closed","ping_status":"closed","template":"","meta":{"footnotes":""},"class_list":["post-19787","page","type-page","status-publish","hentry"],"_links":{"self":[{"href":"https:\/\/www.maarifmevzuati.com\/index.php?rest_route=\/wp\/v2\/pages\/19787","targetHints":{"allow":["GET"]}}],"collection":[{"href":"https:\/\/www.maarifmevzuati.com\/index.php?rest_route=\/wp\/v2\/pages"}],"about":[{"href":"https:\/\/www.maarifmevzuati.com\/index.php?rest_route=\/wp\/v2\/types\/page"}],"author":[{"embeddable":true,"href":"https:\/\/www.maarifmevzuati.com\/index.php?rest_route=\/wp\/v2\/users\/1"}],"replies":[{"embeddable":true,"href":"https:\/\/www.maarifmevzuati.com\/index.php?rest_route=%2Fwp%2Fv2%2Fcomments&post=19787"}],"version-history":[{"count":3,"href":"https:\/\/www.maarifmevzuati.com\/index.php?rest_route=\/wp\/v2\/pages\/19787\/revisions"}],"predecessor-version":[{"id":21327,"href":"https:\/\/www.maarifmevzuati.com\/index.php?rest_route=\/wp\/v2\/pages\/19787\/revisions\/21327"}],"wp:attachment":[{"href":"https:\/\/www.maarifmevzuati.com\/index.php?rest_route=%2Fwp%2Fv2%2Fmedia&parent=19787"}],"curies":[{"name":"wp","href":"https:\/\/api.w.org\/{rel}","templated":true}]}}