{"id":19807,"date":"2022-09-19T14:43:02","date_gmt":"2022-09-19T14:43:02","guid":{"rendered":"https:\/\/www.maarifmevzuati.com\/?page_id=19807"},"modified":"2023-04-30T08:44:30","modified_gmt":"2023-04-30T08:44:30","slug":"disiplin-islemleri","status":"publish","type":"page","link":"https:\/\/www.maarifmevzuati.com\/?page_id=19807","title":{"rendered":"Disiplin \u0130\u015flemleri"},"content":{"rendered":"\n<div class=\"wp-block-file\"><a id=\"wp-block-file--media-19f5a18b-bc7d-4198-b25c-b9f7206d3e09\" href=\"https:\/\/www.maarifmevzuati.com\/wp-content\/uploads\/2023\/04\/INCELEME-SORUSTURMA-VE-ON-INCELEME-SURECLERINDE-MUHAKKIKLERCE-DIKKAT-EDILMESI-GEREKEN-HUSUSLAR.docx\"><strong>&#8230;S\u00dcRE\u00c7LER\u0130NDE &#8230; D\u0130KKAT ED\u0130LMES\u0130 GEREKEN HUSUSLAR<\/strong><\/a><a href=\"https:\/\/www.maarifmevzuati.com\/wp-content\/uploads\/2023\/04\/INCELEME-SORUSTURMA-VE-ON-INCELEME-SURECLERINDE-MUHAKKIKLERCE-DIKKAT-EDILMESI-GEREKEN-HUSUSLAR.docx\" class=\"wp-block-file__button wp-element-button\" download aria-describedby=\"wp-block-file--media-19f5a18b-bc7d-4198-b25c-b9f7206d3e09\">\u0130ndir<\/a><\/div>\n","protected":false},"excerpt":{"rendered":"","protected":false},"author":1,"featured_media":0,"parent":0,"menu_order":0,"comment_status":"closed","ping_status":"closed","template":"","meta":{"footnotes":""},"class_list":["post-19807","page","type-page","status-publish","hentry"],"_links":{"self":[{"href":"https:\/\/www.maarifmevzuati.com\/index.php?rest_route=\/wp\/v2\/pages\/19807","targetHints":{"allow":["GET"]}}],"collection":[{"href":"https:\/\/www.maarifmevzuati.com\/index.php?rest_route=\/wp\/v2\/pages"}],"about":[{"href":"https:\/\/www.maarifmevzuati.com\/index.php?rest_route=\/wp\/v2\/types\/page"}],"author":[{"embeddable":true,"href":"https:\/\/www.maarifmevzuati.com\/index.php?rest_route=\/wp\/v2\/users\/1"}],"replies":[{"embeddable":true,"href":"https:\/\/www.maarifmevzuati.com\/index.php?rest_route=%2Fwp%2Fv2%2Fcomments&post=19807"}],"version-history":[{"count":7,"href":"https:\/\/www.maarifmevzuati.com\/index.php?rest_route=\/wp\/v2\/pages\/19807\/revisions"}],"predecessor-version":[{"id":21347,"href":"https:\/\/www.maarifmevzuati.com\/index.php?rest_route=\/wp\/v2\/pages\/19807\/revisions\/21347"}],"wp:attachment":[{"href":"https:\/\/www.maarifmevzuati.com\/index.php?rest_route=%2Fwp%2Fv2%2Fmedia&parent=19807"}],"curies":[{"name":"wp","href":"https:\/\/api.w.org\/{rel}","templated":true}]}}