{"id":21149,"date":"2023-03-17T12:32:37","date_gmt":"2023-03-17T12:32:37","guid":{"rendered":"https:\/\/www.maarifmevzuati.com\/?page_id=21149"},"modified":"2024-01-04T14:01:35","modified_gmt":"2024-01-04T14:01:35","slug":"2023-2","status":"publish","type":"page","link":"https:\/\/www.maarifmevzuati.com\/?page_id=21149","title":{"rendered":"2023"},"content":{"rendered":"\n<div class=\"wp-block-file\"><a id=\"wp-block-file--media-ad929452-3f89-4ea0-8b6d-244100a6b2d0\" href=\"https:\/\/www.maarifmevzuati.com\/wp-content\/uploads\/2023\/03\/BOS-GECEN-DERSE-GIREN-YONETICILERE-EK-DERS-UCRETI-ODENIP-ODENMEMESI-ILE-ILGILI-GORUS-YAZISI-scaled.jpg\">BOS-GECEN-DERSE-GIREN-YONETICILERE-EK-DERS-UCRETI-ODENIP-ODENMEMESI-ILE-ILGILI-GORUS-YAZISI<\/a><a href=\"https:\/\/www.maarifmevzuati.com\/wp-content\/uploads\/2023\/03\/BOS-GECEN-DERSE-GIREN-YONETICILERE-EK-DERS-UCRETI-ODENIP-ODENMEMESI-ILE-ILGILI-GORUS-YAZISI-scaled.jpg\" class=\"wp-block-file__button wp-element-button\" download aria-describedby=\"wp-block-file--media-ad929452-3f89-4ea0-8b6d-244100a6b2d0\">\u0130ndir<\/a><\/div>\n\n\n\n<div class=\"wp-block-file\"><a id=\"wp-block-file--media-b01fe97c-7361-448a-b4e1-76a92f98daf5\" href=\"https:\/\/www.maarifmevzuati.com\/wp-content\/uploads\/2023\/03\/REHBER-OGRETMENE-EK-DERS-UCRETI-KARSILIGI-DERS-GOREVI-VERILIP-VERILMEMESI-ILE-ILGILI-GORUS-YAZISI-scaled.jpg\">REHBER-OGRETMENE-EK-DERS-UCRETI-KARSILIGI-DERS-GOREVI-VERILIP-VERILMEMESI-ILE-ILGILI-GORUS-YAZISI<\/a><a href=\"https:\/\/www.maarifmevzuati.com\/wp-content\/uploads\/2023\/03\/REHBER-OGRETMENE-EK-DERS-UCRETI-KARSILIGI-DERS-GOREVI-VERILIP-VERILMEMESI-ILE-ILGILI-GORUS-YAZISI-scaled.jpg\" class=\"wp-block-file__button wp-element-button\" download aria-describedby=\"wp-block-file--media-b01fe97c-7361-448a-b4e1-76a92f98daf5\">\u0130ndir<\/a><\/div>\n\n\n\n<div class=\"wp-block-file\"><a id=\"wp-block-file--media-9bf67aa9-d16f-406e-b4b9-330c8f91e1be\" href=\"https:\/\/www.maarifmevzuati.com\/wp-content\/uploads\/2023\/03\/SINIF-OGRETMENLERI-EN-FAZLA-NE-KADAR-DERS-OKUTULMASI-ILE-OKUL-YONETICILERINE-OKUL-DISINDA-EK-DERS-GOREVI-VERILIP-VERILEMEYECEGI-ILE-ILGILI-EK-DERS-GORUS-YAZISI.pdf.docx\">SINIF-OGRETMENLERI-EN-FAZLA-NE-KADAR-DERS-OKUTULMASI-ILE-OKUL-YONETICILERINE-OKUL-DISINDA-EK-DERS-GOREVI-VERILIP-VERILEMEYECEGI-ILE-ILGILI-EK-DERS-GORUS-YAZISI.<\/a><a href=\"https:\/\/www.maarifmevzuati.com\/wp-content\/uploads\/2023\/03\/SINIF-OGRETMENLERI-EN-FAZLA-NE-KADAR-DERS-OKUTULMASI-ILE-OKUL-YONETICILERINE-OKUL-DISINDA-EK-DERS-GOREVI-VERILIP-VERILEMEYECEGI-ILE-ILGILI-EK-DERS-GORUS-YAZISI.pdf.docx\" class=\"wp-block-file__button wp-element-button\" download aria-describedby=\"wp-block-file--media-9bf67aa9-d16f-406e-b4b9-330c8f91e1be\">\u0130ndir<\/a><\/div>\n\n\n\n<div class=\"wp-block-file\"><a id=\"wp-block-file--media-1321bb49-6e1a-4695-8242-27cf35a93404\" href=\"https:\/\/www.maarifmevzuati.com\/wp-content\/uploads\/2023\/03\/FATIH-PROJESI-BILISIM-TEKNOLOJILERI-REHBERLIGI-BTR-OGRETMENLERINE-OGRENCI-SOSYAL-VE-KISILIK-HIZMETLERI-EK-DERS-UCRETI-ODENIP-ODENMEMESI-ILE-ILGILI-YAZI_page-0001-4.jpg\">FATIH-PROJESI-BILISIM-TEKNOLOJILERI-REHBERLIGI-BTR-OGRETMENLERINE-OGRENCI-SOSYAL-VE-KISILIK-HIZMETLERI-EK-DERS-UCRETI-ODENIP-ODENMEMESI-ILE-ILGILI-YAZI_page-0001-4<\/a><a href=\"https:\/\/www.maarifmevzuati.com\/wp-content\/uploads\/2023\/03\/FATIH-PROJESI-BILISIM-TEKNOLOJILERI-REHBERLIGI-BTR-OGRETMENLERINE-OGRENCI-SOSYAL-VE-KISILIK-HIZMETLERI-EK-DERS-UCRETI-ODENIP-ODENMEMESI-ILE-ILGILI-YAZI_page-0001-4.jpg\" class=\"wp-block-file__button wp-element-button\" download aria-describedby=\"wp-block-file--media-1321bb49-6e1a-4695-8242-27cf35a93404\">\u0130ndir<\/a><\/div>\n\n\n\n<div class=\"wp-block-file\"><a id=\"wp-block-file--media-8691cb51-692a-4e5c-85bc-a0133fc98a9d\" href=\"https:\/\/www.maarifmevzuati.com\/wp-content\/uploads\/2023\/03\/UCAK-BILETLEME-VE-TRANSFER-HIZMETI-2023.pdf.docx\">UCAK-BILETLEME-VE-TRANSFER-HIZMETI-2023.pdf<\/a><a href=\"https:\/\/www.maarifmevzuati.com\/wp-content\/uploads\/2023\/03\/UCAK-BILETLEME-VE-TRANSFER-HIZMETI-2023.pdf.docx\" class=\"wp-block-file__button wp-element-button\" download aria-describedby=\"wp-block-file--media-8691cb51-692a-4e5c-85bc-a0133fc98a9d\">\u0130ndir<\/a><\/div>\n\n\n\n<div class=\"wp-block-file\"><a id=\"wp-block-file--media-7d685afd-d714-497e-802d-b69394a9b7cc\" href=\"https:\/\/www.maarifmevzuati.com\/wp-content\/uploads\/2023\/03\/ASANSORLERIN-PERIYODIK-KONTROLU-YAZI-scaled.jpg\"><strong>ASANS\u00d6RLER\u0130N PER\u0130YOD\u0130K KONTROL\u00dc YAZI<\/strong><\/a><a href=\"https:\/\/www.maarifmevzuati.com\/wp-content\/uploads\/2023\/03\/ASANSORLERIN-PERIYODIK-KONTROLU-YAZI-scaled.jpg\" class=\"wp-block-file__button wp-element-button\" download aria-describedby=\"wp-block-file--media-7d685afd-d714-497e-802d-b69394a9b7cc\">\u0130ndir<\/a><\/div>\n\n\n\n<div class=\"wp-block-file\"><a id=\"wp-block-file--media-bb0d3e05-36ff-4f02-bc91-75f32099118d\" href=\"https:\/\/www.maarifmevzuati.com\/wp-content\/uploads\/2023\/05\/12-NCI-SINIF-OGRENCILERININ-DEVAM-DEVAMSIZLIK-DURUMLARI-ILE-ILGILI-YAZI.pdf.docx\">12 NC\u0130 SINIF \u00d6\u011eRENC\u0130LER\u0130N\u0130N DEVAM &#8211; DEVAMSIZLIK DURUMLARI \u0130LE \u0130LG\u0130L\u0130 YAZI.<\/a><a href=\"https:\/\/www.maarifmevzuati.com\/wp-content\/uploads\/2023\/05\/12-NCI-SINIF-OGRENCILERININ-DEVAM-DEVAMSIZLIK-DURUMLARI-ILE-ILGILI-YAZI.pdf.docx\" class=\"wp-block-file__button wp-element-button\" download aria-describedby=\"wp-block-file--media-bb0d3e05-36ff-4f02-bc91-75f32099118d\">\u0130ndir<\/a><\/div>\n\n\n\n<div class=\"wp-block-file\"><a id=\"wp-block-file--media-49ead33f-f546-482f-9aed-24ca785de181\" href=\"https:\/\/www.maarifmevzuati.com\/wp-content\/uploads\/2024\/01\/MILLI-EGITIM-BAKANLIGI-OKUL-AILE-BIRLIGIYONETMELIGINDE-DEGISIKLIK-YAPILMASINADAIR-YONETMELIK-ILGILI-GENELGE.docx\"><strong>M\u0130LL\u00ce E\u011e\u0130T\u0130M BAKANLI\u011eI OKUL A\u0130LE B\u0130RL\u0130\u011e\u0130Y\u00d6NETMEL\u0130\u011e\u0130&#8217;NDE DE\u011e\u0130\u015e\u0130KL\u0130K YAPILMASINADA\u0130R Y\u00d6NETMEL\u0130K<\/strong> \u0130LE \u0130LG\u0130L\u0130 GENELGE<\/a><a href=\"https:\/\/www.maarifmevzuati.com\/wp-content\/uploads\/2024\/01\/MILLI-EGITIM-BAKANLIGI-OKUL-AILE-BIRLIGIYONETMELIGINDE-DEGISIKLIK-YAPILMASINADAIR-YONETMELIK-ILGILI-GENELGE.docx\" class=\"wp-block-file__button wp-element-button\" download aria-describedby=\"wp-block-file--media-49ead33f-f546-482f-9aed-24ca785de181\">\u0130ndir<\/a><\/div>\n","protected":false},"excerpt":{"rendered":"","protected":false},"author":1,"featured_media":0,"parent":0,"menu_order":0,"comment_status":"closed","ping_status":"closed","template":"","meta":{"footnotes":""},"class_list":["post-21149","page","type-page","status-publish","hentry"],"_links":{"self":[{"href":"https:\/\/www.maarifmevzuati.com\/index.php?rest_route=\/wp\/v2\/pages\/21149","targetHints":{"allow":["GET"]}}],"collection":[{"href":"https:\/\/www.maarifmevzuati.com\/index.php?rest_route=\/wp\/v2\/pages"}],"about":[{"href":"https:\/\/www.maarifmevzuati.com\/index.php?rest_route=\/wp\/v2\/types\/page"}],"author":[{"embeddable":true,"href":"https:\/\/www.maarifmevzuati.com\/index.php?rest_route=\/wp\/v2\/users\/1"}],"replies":[{"embeddable":true,"href":"https:\/\/www.maarifmevzuati.com\/index.php?rest_route=%2Fwp%2Fv2%2Fcomments&post=21149"}],"version-history":[{"count":11,"href":"https:\/\/www.maarifmevzuati.com\/index.php?rest_route=\/wp\/v2\/pages\/21149\/revisions"}],"predecessor-version":[{"id":21481,"href":"https:\/\/www.maarifmevzuati.com\/index.php?rest_route=\/wp\/v2\/pages\/21149\/revisions\/21481"}],"wp:attachment":[{"href":"https:\/\/www.maarifmevzuati.com\/index.php?rest_route=%2Fwp%2Fv2%2Fmedia&parent=21149"}],"curies":[{"name":"wp","href":"https:\/\/api.w.org\/{rel}","templated":true}]}}